nder when 173253 is divided by 10827?
21
What is the remainder when 53683 is divided by 53655?
28
Calculate the remainder when 268463 is divided by 329.
328
What is the remainder when 23754 is divided by 233?
221
Calculate the remainder when 325 is divided by 25.
0
What is the remainder when 660 is divided by 93?
9
Calculate the remainder when 27349 is divided by 47.
42
Calculate the remainder when 115769 is divided by 1301.
1281
Calculate the remainder when 9404 is divided by 165.
164
Calculate the remainder when 10470 is divided by 65.
5
What is the remainder when 417 is divided by 57?
18
What is the remainder when 12369 is divided by 3089?
13
What is the remainder when 1713 is divided by 565?
18
What is the remainder when 54071 is divided by 26?
17
Calculate the remainder when 562 is divided by 541.
21
What is the remainder when 16071 is divided by 11?
0
What is the remainder when 2786 is divided by 2761?
25
Calculate the remainder when 109538 is divided by 95.
3
What is the remainder when 39598 is divided by 7?
6
Calculate the remainder when 49477 is divided by 9893.
12
What is the remainder when 993 is divided by 270?
183
What is the remainder when 14404 is divided by 39?
13
Calculate the remainder when 1782 is divided by 239.
109
What is the remainder when 4042048 is divided by 319?
318
What is the remainder when 11960 is divided by 332?
8
What is the remainder when 7375 is divided by 230?
15
What is the remainder when 7589918 is divided by 11?
6
Calculate the remainder when 937 is divided by 3.
1
What is the remainder when 27572 is divided by 9188?
8
What is the remainder when 1154 is divided by 521?
112
What is the remainder when 3725 is divided by 93?
5
What is the remainder when 973 is divided by 795?
178
What is the remainder when 3932 is divided by 586?
416
What is the remainder when 394641 is divided by 86?
73
What is the remainder when 10781 is divided by 384?
29
What is the remainder when 5049 is divided by 400?
249
Calculate the remainder when 140732 is divided by 1380.
1352
What is the remainder when 633213 is divided by 2176?
2173
Calculate the remainder when 1824 is divided by 166.
164
Calculate the remainder when 2868 is divided by 398.
82
Calculate the remainder when 31825 is divided by 147.
73
What is the remainder when 2859 is divided by 125?
109
What is the remainder when 138476 is divided by 8653?
28
What is the remainder when 100539 is divided by 271?
269
Calculate the remainder when 30868 is divided by 10.
8
Calculate the remainder when 20242 is divided by 382.
378
What is the remainder when 405974 is divided by 162?
2
Calculate the remainder when 13975 is divided by 1322.
755
What is the remainder when 11651 is divided by 110?
101
Calculate the remainder when 12081 is divided by 13.
4
What is the remainder when 20136 is divided by 1184?
8
What is the remainder when 193 is divided by 91?
11
What is the remainder when 4537 is divided by 45?
37
Calculate the remainder when 1477263 is divided by 508.
507
What is the remainder when 6996 is divided by 303?
27
Calculate the remainder when 1181 is divided by 109.
91
What is the remainder when 4321 is divided by 545?
506
What is the remainder when 2541 is divided by 8?
5
Calculate the remainder when 16994 is divided by 42.
26
What is the remainder when 188475 is divided by 13462?
7
Calculate the remainder when 538660 is divided by 21.
10
What is the remainder when 55465 is divided by 27722?
21
What is the remainder when 27046 is divided by 93?
76
Calculate the remainder when 554542 is divided by 184842.
16
Calculate the remainder when 55147 is divided by 55145.
2
What is the remainder when 21590 is divided by 1664?
1622
Calculate the remainder when 21309 is divided by 29.
23
What is the remainder when 608546 is divided by 60?
26
What is the remainder when 1955723 is divided by 237?
236
What is the remainder when 68695 is divided by 17173?
3
Calculate the remainder when 122245 is divided by 122238.
7
Calculate the remainder when 177038 is divided by 142.
106
What is the remainder when 7549 is divided by 3771?
7
What is the remainder when 12551 is divided by 91?
84
What is the remainder when 63015 is divided by 53?
51
What is the remainder when 29115 is divided by 1003?
28
What is the remainder when 119299 is divided by 21?
19
Calculate the remainder when 33037 is divided by 590.
587
What is the remainder when 1008 is divided by 321?
45
Calculate the remainder when 101278 is divided by 50637.
4
What is the remainder when 12758 is divided by 116?
114
Calculate the remainder when 12502 is divided by 97.
86
What is the remainder when 2025 is divided by 452?
217
What is the remainder when 26074 is divided by 8687?
13
Calculate the remainder when 41824 is divided by 175.
174
Calculate the remainder when 130288 is divided by 26053.
23
What is the remainder when 5099 is divided by 30?
29
Calculate the remainder when 24831 is divided by 256.
255
What is the remainder when 4996 is divided by 83?
16
Calculate the remainder when 124681 is divided by 69.
67
Calculate the remainder when 212236 is divided by 789.
784
Calculate the remainder when 2565 is divided by 1226.
113
Calculate the remainder when 675 is divided by 317.
41
What is the remainder when 127586 is divided by 196?
186
What is the remainder when 4101 is divided by 441?
132
Calculate the remainder when 60023 is divided by 60016.
7
Calculate the remainder when 180350 is divided by 113.
2
What is the remainder when 3671 is divided by 406?
17
What is the remainder when 99231 is divided by 14174?
13
What is the remainder when 32728 is divided by 839?
7
Calculate the remainder when 132476 is divided by 137.
134
What is the remainder when 10185 is divided by 10185?
0
Calculate the remainder when 289519 is divided by 176.
175
Calculate the remainder when 2045 is divided by 333.
47
Calculate the remainder when 1212 is divided by 157.
113
Calculate the remainder when 2088 is divided by 614.
246
Calculate the remainder when 47081 is divided by 15688.
17
Calculate the remainder when 295669 is divided by 26.
23
Calculate the remainder when 29951 is divided by 208.
207
What is the remainder when 57986 is divided by 617?
605
Calculate the remainder when 144046 is divided by 88.
78
Calculate the remainder when 26286 is divided by 124.
122
What is the remainder when 10447 is divided by 2602?
39
Calculate the remainder when 164029 is divided by 32.
29
Calculate the remainder when 10960 is divided by 7.
5
What is the remainder when 851398 is divided by 50?
48
What is the remainder when 24111 is divided by 17?
5
What is the remainder when 990527 is divided by 112?
111
Calculate the remainder when 89042 is divided by 6359.
16
Calculate the remainder when 2329 is divided by 200.
129
Calculate the remainder when 5924 is divided by 152.
148
Calculate the remainder when 98528 is divided by 379.
367
Calculate the remainder when 175382 is divided by 1595.
1527
Calculate the remainder when 599236 is divided by 18.
16
Calculate the remainder when 27656 is divided by 11.
2
What is the remainder when 32679 is divided by 44?
31
Calculate the remainder when 23368 is divided by 26.
20
Calculate the remainder when 18137 is divided by 63.
56
What is the remainder when 142573 is divided by 23?
19
What is the remainder when 2935 is divided by 2935?
0
Calculate the remainder when 14561 is divided by 4542.
935
What is the remainder when 823 is divided by 742?
81
Calculate the remainder when 316307 is divided by 511.
509
What is the remainder when 97420 is divided by 382?
10
What is the remainder when 15393 is divided by 1293?
1170
What is the remainder when 4095 is divided by 516?
483
Calculate the remainder when 30788 is divided by 3398.
206
What is the remainder when 560 is divided by 329?
231
Calculate the remainder when 173979 is divided by 1596.
15
Calculate the remainder when 1815257 is divided by 297.
290
What is the remainder when 42516 is divided by 14153?
57
What is the remainder when 79551 is divided by 79503?
48
Calculate the remainder when 7641 is divided by 2545.
6
What is the remainder when 5762 is divided by 5723?
39
What is the remainder when 1684939 is divided by 235?
224
What is the remainder when 2830 is divided by 857?
259
What is the rema